0101101
Convert f1191 (base 16) to base 12.
3b75a9
What is 132312231 (base 4) in base 3?
20102100210
What is 24442222 (base 5) in base 6?
5003342
What is 38043 (base 10) in base 12?
1a023
What is -45453 (base 10) in base 15?
-d703
What is -698816 (base 10) in base 11?
-438038
What is -11101101011011001001 (base 2) in base 15?
-143229
Convert 4b6e68 (base 16) to base 14.
9297a8
What is -73cbc (base 13) in base 3?
-101121021200
Convert -1b9963b (base 12) to base 4.
-112212311033
What is 37715 (base 14) in base 9?
226311
-2032102230 (base 4) to base 12
-241350
Convert -4726d8 (base 14) to base 15.
-32e1e2
Convert 10031144011 (base 5) to base 8.
46165574
-1165324 (base 8) to base 13
-b38b3
111111001010010110 (base 2) to base 4
333022112
Convert 338739 (base 10) to base 3.
122012122220
What is 412325 (base 7) in base 16?
11351
What is -111cb2 (base 15) in base 10?
-816242
What is -24790 (base 13) in base 15?
-14daa
What is 38c28 (base 13) in base 11?
72147
-10011010102 (base 3) to base 11
-42696
What is -217086 (base 10) in base 12?
-a5766
-24724 (base 11) to base 10
-35479
14fdf (base 16) to base 11
59667
Convert -111100100001001001 (base 2) to base 14.
-6649b
Convert 154033441 (base 6) to base 12.
1118881
What is 59483 (base 10) in base 3?
10000121002
What is 80980 (base 12) in base 9?
274416
-266 (base 7) to base 11
-123
796974 (base 10) to base 11
4a4862
What is -13423448 (base 9) in base 16?
-65272d
What is -2220000000 (base 3) in base 14?
-16a18
What is -b7870 (base 14) in base 5?
-103142300
What is 49336 (base 11) in base 14?
1bbd7
Convert -2156b9a (base 12) to base 16.
-60b026
-353401 (base 6) to base 2
-111011110001001
Convert 61655 (base 11) to base 9.
146358
What is -10100000001010011 (base 2) in base 9?
-134434
What is -143444412 (base 6) in base 9?
-5536148
What is -203324431 (base 5) in base 10?
-839366
What is -131012230 (base 4) in base 15?
-254c7
-a434a (base 13) to base 4
-1020000313
4009942 (base 10) to base 13
aa5261
What is -6078e (base 16) in base 8?
-1403616
Convert -39c4d6 (base 14) to base 10.
-1993116
Convert 17a41 (base 12) to base 16.
8611
What is -16452302 (base 7) in base 15?
-21bd55
Convert -533704 (base 12) to base 11.
-817170
What is 3123103130 (base 4) in base 11?
563978
Convert -1b3627 (base 12) to base 9.
-815504
121298 (base 11) to base 5
22121023
Convert 1123102220 (base 4) to base 7.
3115112
What is d36964 (base 14) in base 6?
412415220
What is 114a67 (base 12) in base 5?
32343444
What is 4010223341 (base 5) in base 6?
441143324
What is -17415 (base 14) in base 2?
-1110010000111011
-9785505 (base 11) to base 13
-3740c3a
Convert -10002333 (base 4) to base 12.
-9713
What is -5783a (base 11) in base 12?
-40411
Convert 46b354 (base 15) to base 14.
63d665
179830 (base 10) to base 16
2be76
-11100000010010110110 (base 2) to base 6
-31405142
What is -1236263 (base 7) in base 6?
-3235455
Convert -40053545 (base 6) to base 4.
-10103022221
What is 1000110001001111 (base 2) in base 13?
13470
Convert 4022c (base 13) to base 8.
337674
410034201 (base 5) to base 14
30aacb
14416652 (base 7) to base 8
5154215
Convert 46466 (base 10) to base 9.
70658
What is -7a8a (base 15) in base 11?
-185a1
What is 2122010202000 (base 3) in base 11?
877008
Convert -1a984 (base 13) to base 7.
-305033
-5a6818 (base 11) to base 13
-278333
Convert -28619 (base 11) to base 7.
-226406
What is -71e9 (base 16) in base 10?
-29161
What is -642584 (base 14) in base 16?
-33af38
What is -210020211002 (base 3) in base 2?
-1100110001000001001
Convert 5380341 (base 9) to base 6.
141514144
Convert -8629887 (base 10) to base 5.
-4202124022
What is 2011012022121 (base 3) in base 14?
21b64b
Convert 17ff (base 16) to base 2.
1011111111111
-100001100100001111111101 (base 2) to base 4
-201210033331
Convert 3014a6 (base 13) to base 8.
4205330
-2751244 (base 9) to base 4
-11300221021
What is -12222001011202 (base 3) in base 11?
-1875595
Convert -22935 (base 11) to base 3.
-1200100212
What is -444405315 (base 6) in base 12?
-284683b
What is -2021000100212 (base 3) in base 16?
-125321
Convert -a2bc0 (base 14) to base 8.
-1375444
43733b8 (base 12) to base 3
220011102000012
What is 1103015 (base 6) in base 11?
38433
Convert -1133031013 (base 4) to base 2.
-1011111001101000111
-55ba2 (base 12) to base 6
-2235522
-1c71 (base 14) to base 6
-40015
Convert 7b0b (base 14) to base 10.
21375
What is 608173 (base 9) in base 13?
c7ca4
102166 (base 9) to base 3
10002012020
Convert 100101000000100001111110 (base 2) to base 8.
45004176
144020421 (base 6) to base 11
1761530
What is 45bab7 (base 12) in base 15?
171aea
What is 1133242 (base 9) in base 7?
5130614
Convert -2234c (base 13) to base 6.
-1155235
Convert 39a1 (base 14) to base 6.
114533
2aed7c (base 16) to base 2
1010101110110101111100
49335 (base 12) to base 7
561353
122231020 (base 5) to base 10
586385
1040450 (base 6) to base 13
1a8a1
-9bb6a (base 12) to base 13
-73480
What is 1b54611 (base 12) in base 13?
129393a
What is -252d5d (base 14) in base 13?
-358951
213224545 (base 6) to base 14
70c34d
5202a6 (base 13) to base 11
1098076
What is -230105152 (base 6) in base 5?
-2034123324
What is -5102 (base 14) in base 6?
-144234
What is 10011111010110100101101 (base 2) in base 15?
6d226c
Convert -2310322031 (base 4) to base 8.
-2647215
-158523 (base 11) to base 2
-111011111100011110
-b07da (base 14) to base 16
-678cc
100110100000111000100 (base 2) to base 9
2333144
What is 25637 (base 15) in base 8?
351347
23712 (base 13) to base 9
108033
What is -255d0b (base 14) in base 9?
-2366284
Convert -141215 (base 11) to base 8.
-660024
What is -111003311 (base 4) in base 13?
-30356
-3220b (base 16) to base 14
-54b7d
190913 (base 12) to base 11
279171
What is -12ba66 (base 14) in base 7?
-5332656
What is 2343218 (base 9) in base 3?
2101110020122
211302301 (base 4) to base 15
30d01
What is -480542 (base 12) in base 15?
-17e45b
123376 (base 11) to base 6
4101420
-10123343222 (base 5) to base 12
-3582173
2133102131 (base 4) to base 13
19ac81
-33212136 (base 8) to base 7
-114522340
What is -1345c9 (base 13) in base 16?
-71f56
What is -1222001110212 (base 3) in base 14?
-1d27d1
Convert -879ca6 (base 15) to base 7.
-105634263
What is -1203540 (base 7) in base 10?
-152565
111100243 (base 5) to base 6
14241141
-18851 (base 15) to base 16
-1368d
Convert 4626668 (base 9) to base 16.
261e36
What is -42a44 (base 16) in base 15?
-55d29
What is 6903a8 (base 12) in base 4?
12122030300
What is -59d3a4 (base 14) in base 8?
-13556444
Convert 201201121 (base 4) to base 7.
1111210
What is -2286334 (base 9) in base 10?
-1238116
What is 2266ab8 (base 12) in base 7?
110102315
120301222 (base 4) to base 2
11000110001101010
What is 4505650 (base 7) in base 9?
1037547
Convert -74a491 (base 11) to base 15.
-18a77a
Convert -684835 (base 9) to base 16.
-6430a
What is -8112164 (base 10) in base 14?
-1112484
Convert 5020a (base 12) to base 7.
612100
What is -26db2 (base 14) in base 3?
-11212200120
Convert 131132130 (base 5) to base 13.
197cca
Convert -7112837 (base 9) to base 4.
-32130300331
What is 55425234 (base 7) in base 8?
22167464
Convert -661272 (base 11) to base 12.
-42abb8
Convert -21571262 (base 8) to base 16.
-46f2b2
-426650 (base 8) to base 7
-1133132
Convert -3a7360 (base 12) to base 5.
-221411311
What is 5025542 (base 6) in base 10?
237158
Convert 1001321223 (base 5) to base 15.
29180d
-435382 (base 9) to base 5
-31303331
What is -11b343 (base 13) in base 15?
-85c08
-1220144 (base 5) to base 3
-1011210022
Convert -1dd4c2 (base 16) to base 11.
-1115912
-3113312003 (base 4) to base 6
-30541015
What is -706455 (base 8) in base 4?
-320310231
Convert 7558a (base 11) to base 3.
12120200100
Convert -2a60d (base 14) to base 8.
-315765
Convert 10010101011101110110 (base 2) to base 13.
185875
-301773 (base 9) to base 13
-63336
What is -372567 (base 8) in base 6?
-2430155
What is 6062264 (base 8) in base 7?
16405525
1011100111010000111110 (base 2) to base 3
12201200011002
Convert 32062323 (base 7) to base 2.
1010011000010110011111
What is a4b3b7 (base 12) in base 2?
1001111000100001111011
What is 200021012102 (base 3) in base 13?
c7862
What is -11757425 (base 9) in base 5?
-2434003013
What is 11111010111001100 (base 2) in base 15?
280e0
-5434406 (base 7) to bas